mon divisor of 300 and 728520?
60
What is the highest common factor of 536 and 402?
134
What is the greatest common divisor of 1687961 and 165?
11
Calculate the highest common factor of 266 and 15542.
38
What is the greatest common divisor of 2511 and 403?
31
Calculate the greatest common divisor of 11 and 295801.
11
Calculate the greatest common divisor of 1261 and 923.
13
What is the greatest common divisor of 4620 and 1785?
105
Calculate the highest common factor of 7363 and 481.
37
Calculate the greatest common factor of 10161898 and 674.
674
Calculate the greatest common factor of 1386 and 221634.
126
Calculate the highest common factor of 1528761 and 195.
39
What is the greatest common divisor of 27028 and 1972?
116
Calculate the highest common divisor of 308 and 484.
44
What is the greatest common divisor of 50 and 51690?
10
Calculate the highest common divisor of 28767 and 238164.
669
Calculate the highest common factor of 96976 and 684.
76
Calculate the greatest common divisor of 2685 and 575485.
895
What is the greatest common divisor of 10 and 695?
5
What is the greatest common factor of 411 and 42607?
137
What is the greatest common divisor of 112 and 464?
16
Calculate the greatest common factor of 608 and 504800.
32
Calculate the greatest common divisor of 394818 and 276.
138
Calculate the highest common divisor of 366592 and 224.
32
What is the greatest common divisor of 835263 and 5369?
767
What is the highest common divisor of 27804 and 31114?
662
Calculate the highest common divisor of 22 and 762278.
22
Calculate the greatest common factor of 850 and 20485.
85
Calculate the greatest common factor of 10473287 and 11.
11
What is the highest common divisor of 784 and 7154?
98
What is the greatest common factor of 567113 and 1585?
317
Calculate the greatest common factor of 3960 and 182820.
660
Calculate the highest common factor of 23571 and 1649.
97
What is the greatest common divisor of 3 and 45321?
3
Calculate the highest common divisor of 33258 and 138.
138
Calculate the highest common factor of 572 and 85982.
26
Calculate the highest common divisor of 73927 and 28819.
1253
Calculate the highest common divisor of 2623816 and 728.
104
Calculate the highest common divisor of 1960889 and 134.
67
What is the greatest common factor of 1909 and 6142?
83
What is the highest common divisor of 49 and 613627?
49
Calculate the greatest common factor of 126278 and 206.
206
Calculate the highest common divisor of 2360 and 5782.
118
Calculate the highest common factor of 510 and 125.
5
What is the highest common factor of 10 and 3638?
2
What is the highest common factor of 20 and 13372180?
20
Calculate the greatest common divisor of 18120 and 120.
120
Calculate the greatest common factor of 2224 and 1120.
16
Calculate the greatest common factor of 192 and 20352.
192
What is the greatest common factor of 485 and 255?
5
What is the greatest common factor of 388856 and 234?
26
Calculate the greatest common factor of 182 and 7630.
14
Calculate the greatest common factor of 9 and 624.
3
Calculate the highest common factor of 483 and 52578.
69
What is the highest common factor of 42510 and 24765?
195
What is the highest common factor of 464 and 113912?
232
Calculate the highest common factor of 320 and 7660.
20
Calculate the greatest common divisor of 2365 and 2750.
55
What is the highest common factor of 15 and 3703260?
15
What is the greatest common factor of 532 and 5488?
28
What is the greatest common factor of 77 and 21549?
11
Calculate the highest common factor of 58627 and 115.
23
What is the greatest common divisor of 234707 and 209?
209
What is the greatest common factor of 80 and 6870?
10
What is the highest common factor of 350 and 241675?
175
What is the highest common divisor of 1618985 and 5?
5
What is the highest common divisor of 43578 and 4086?
18
What is the highest common divisor of 21063 and 16933?
413
Calculate the greatest common factor of 2949534 and 714.
714
What is the highest common factor of 68315 and 143?
13
Calculate the highest common divisor of 25181 and 1341.
149
Calculate the highest common divisor of 166796 and 115.
23
Calculate the greatest common factor of 2138489 and 5365.
1073
What is the highest common factor of 8786 and 15594?
46
What is the greatest common divisor of 192770 and 11470?
370
Calculate the highest common divisor of 3923876 and 176.
44
Calculate the highest common factor of 25960 and 219362.
1298
What is the greatest common divisor of 116 and 42220?
4
Calculate the highest common factor of 2497 and 40216.
11
Calculate the highest common divisor of 4092 and 97867.
341
Calculate the greatest common factor of 756 and 2310.
42
Calculate the highest common factor of 129 and 384162.
129
Calculate the highest common divisor of 18 and 33597.
9
Calculate the highest common divisor of 177597 and 126.
63
What is the greatest common factor of 656 and 841648?
656
Calculate the highest common factor of 2397 and 49266.
51
What is the highest common factor of 27 and 1622079?
27
What is the greatest common divisor of 569832 and 24?
24
What is the highest common divisor of 30 and 220760?
10
What is the highest common factor of 9165 and 987?
141
Calculate the highest common divisor of 333167 and 1268.
317
Calculate the highest common divisor of 22825 and 374.
11
What is the highest common factor of 1792 and 27356?
28
What is the greatest common divisor of 1095 and 255135?
1095
What is the highest common divisor of 83630 and 430?
10
What is the highest common divisor of 131127 and 1308?
327
Calculate the highest common factor of 315 and 840147.
21
What is the greatest common factor of 4295182 and 74?
74
What is the highest common factor of 15921 and 488?
61
What is the greatest common divisor of 427 and 56913?
61
Calculate the highest common factor of 75863 and 535.
107
What is the greatest common factor of 53670 and 150?
30
What is the greatest common factor of 90 and 223560?
90
Calculate the highest common factor of 1 and 422911.
1
What is the highest common factor of 990 and 610?
10
Calculate the highest common divisor of 348623 and 2255.
451
What is the greatest common divisor of 13846668 and 66?
66
Calculate the highest common divisor of 416 and 14482.
26
What is the highest common factor of 20954 and 2?
2
Calculate the greatest common factor of 44272 and 5648.
16
What is the greatest common factor of 29103 and 2943?
327
What is the greatest common divisor of 32788 and 140?
28
What is the highest common factor of 4260 and 35?
5
What is the highest common factor of 4 and 119428?
4
Calculate the greatest common factor of 1336 and 888.
8
Calculate the greatest common divisor of 5115 and 6930.
165
Calculate the greatest common factor of 6989 and 51333.
241
Calculate the greatest common factor of 69413 and 697.
41
What is the greatest common divisor of 1479 and 1305?
87
Calculate the greatest common factor of 150 and 6560.
10
Calculate the highest common factor of 18750 and 615.
15
What is the greatest common factor of 390870 and 9?
9
What is the greatest common divisor of 23001 and 33?
33
Calculate the highest common divisor of 576 and 345888.
288
Calculate the greatest common factor of 932 and 33785.
233
Calculate the greatest common factor of 69 and 3690879.
69
Calculate the greatest common divisor of 324 and 16956.
108
Calculate the greatest common factor of 134758 and 27521.
949
Calculate the greatest common factor of 3102 and 14946.
282
Calculate the highest common divisor of 310 and 1757390.
310
What is the greatest common factor of 8 and 2110616?
8
Calculate the highest common divisor of 799470 and 243.
243
What is the highest common factor of 179265 and 323?
323
Calculate the greatest common factor of 6969 and 261489.
303
What is the highest common divisor of 31612 and 84?
28
Calculate the greatest common divisor of 8 and 77752.
8
Calculate the greatest common factor of 629 and 10098.
17
What is the greatest common factor of 200564 and 32422?
754
What is the greatest common divisor of 12 and 26748?
12
What is the highest common factor of 87 and 113129?
29
Calculate the highest common factor of 110674 and 2.
2
Calculate the greatest common factor of 49746 and 36.
6
What is the highest common divisor 